 - p*2/(-11). Suppose -g + 5 + r = 0. What is a(g)?
-4
Let h(y) = -y**2 + 11*y - 8. Let w(o) be the first derivative of -2*o**3/3 - 22*o**2 - 15*o - 5. Let r be w(-19). Suppose -9 = -100*m + r*m. Determine h(m).
10
Let m(p) = 3*p + 85. Let y be m(-27). Suppose y*v = -6*v - 10. Let q(n) be the third derivative of 11*n**5/60 + n**4/24 + 2*n**2. Determine q(v).
10
Let r(m) = -4*m - 20. Let y(p) = p + 5. Suppose 2*f + 22 = -2*t, -4*f + t - 10 = 24. Let u(v) = f*y(v) - 2*r(v). Suppose -7*b - 10*b - 85 = 0. Calculate u(b).
0
Let m(s) be the third derivative of -s**6/4 + s**4/24 + s**3/6 - 31*s**2 + 6*s. Let g(z) = -z - 10. Let i be g(-9). Give m(i).
30
Let p(c) = 256 - 86 + 2*c**3 - 94 - 12*c - 87 + 25*c**2. Give p(-13).
-24
Let j(i) be the first derivative of -2/3*i**3 + 0*i**2 + 37 - i. Calculate j(-1).
-3
Let q = 3344 - 3335. Let x(a) = 3*a + 18. What is x(q)?
45
Let p(k) = k**3 - 2*k**2 + 3. Suppose 6*a + 126 = 3*a. Let i be -4 + 4 + -2 - a. Let z = i + -37. Give p(z).
12
Let q(o) = -o**2 + 4*o + 6. Let k(p) = 6*p - 4*p**2 + 3 + 6*p**2 - p**2. Let n be k(-5). Let j be (3 - 12/(-2)) + n. What is q(j)?
-15
Let m(o) = 12*o**3 - 3*o**2 - 2*o - 7. Let r(n) = -2*n**2 + 98*n - 5 + 11*n**3 - 46*n - 54*n. Let q(i) = 3*m(i) - 4*r(i). Determine q(1).
-8
Let q = -1 - -1. Let m be 40 - (-10)/(50/15). Let a(f) = -16*f**2 + m*f**2 - 6 - f - 12*f**2 - 14*f**2. Give a(q).
-6
Let c(h) = h**3 - 9*h**2 - 39*h - 4. Suppose 0 = 2*z + 14*z - 31 - 161. Give c(z).
-40
Let i(k) be the first derivative of k**6/120 - k**5/6 - k**4/2 + 5*k**3/6 - 42*k**2 + 87. Let a(t) be the second derivative of i(t). Calculate a(11).
-6
Let t = 50 - 9. Let c = 40 - t. Let x(m) = 7*m**2 - 3*m - 5. Let b(j) = -15*j**2 + 5*j + 8. Let q(a) = -3*b(a) - 5*x(a). Determine q(c).
11
Let t(i) be the third derivative of -2/15*i**5 - 1/6*i**3 + 0*i - 5/12*i**4 + 152*i**2 + 1/120*i**6 + 0. Determine t(9).
-10
Let i(a) be the first derivative of 7*a**2/2 - 13*a + 3931. Determine i(3).
8
Let q(s) = 5*s**2 - 20*s - 3. Let w(l) = -11*l**2 + 42*l + 7. Let p(f) = -13*q(f) - 6*w(f). Suppose 7 = 2*h + 2*j + 25, -4 = h - 4*j. What is p(h)?
-3
Let n(s) be the second derivative of s**3/3 + 8*s**2 + 3*s - 3. Let o = 135 + -146. What is n(o)?
-6
Let f = -14185 + 14184. Let d(w) = 40*w - 16. Let c(v) = -13*v + 5. Let o(r) = 16*c(r) + 5*d(r). What is o(f)?
8
Let z be 6 + ((-84)/(-2))/(-7). Suppose z = 34*n + n - 35. Let g(q) = 3*q**3 + q**2 + 2*q - 1. What is g(n)?
5
Let d = -830 - -826. Let m(k) = 5*k**2 + 4*k + 5. Determine m(d).
69
Suppose 12*s = 7*s + 75. Suppose 16*r - s*r = 3. Let g(h) = -2*h - 5. Determine g(r).
-11
Let y(j) be the third derivative of -17*j**4/24 - 127*j**3/3 + 116*j**2 - 40. Calculate y(-15).
1
Suppose 76*p + 5*f = 81*p - 20, 5*p + 3*f = 52. Let t(m) = -m**2 + 11*m - 26. What is t(p)?
-2
Suppose -60*n - 43*n = -21*n + 2*n. Let h(u) = -u + 68. What is h(n)?
68
Let y(h) = -6*h + 24. Suppose 28*l - 15*l - 65 = 0. Calculate y(l).
-6
Suppose -a - 5*n = -9, 85*a - 87*a + 2*n + 6 = 0. Let q(d) = 12*d + 3. Let j(h) = -5*h - 1. Let u(k) = 10*j(k) + 4*q(k). Calculate u(a).
-6
Let o be -3*(-2)/(-9)*42/(-14). Let g(w) = -21*w**o + 4*w + 44*w**2 - 8 - 22*w**2. Give g(-6).
4
Let r = -10 - -12. Let x(n) = -3*n - n**r + 6*n + 4*n - 1 + n. Let b(d) = 5*d - 442. Let h be b(90). Determine x(h).
-1
Let l(p) = -17*p**2 - 85*p - 2. Let j be l(-5). Let t(i) = i**2 + 15*i + 24. What is t(j)?
-2
Let c = -5 - -9. Let a be c/12 + 17/3. Let x(q) = -q**2 + 4*q + 7. Let t(p) = -5*p**2 + 25*p + 20. Let j(u) = t(u) - 4*x(u). What is j(a)?
10
Let n = -98 + 84. Let k(h) = -7*h - 88. Determine k(n).
10
Suppose d = f, 4*f - 39*d - 2 = -36*d. Let b(p) = 7*p**2 - p - 1. What is b(f)?
25
Suppose -2*p + 3*p = -10. Let a(j) be the third derivative of j**5/60 + 11*j**4/24 + 4*j**3/3 + 2*j**2 - 2*j - 68. Determine a(p).
-2
Let m(b) = 3*b - 286*b**3 + 477*b**3 - 190*b**3 + 4*b**2. Suppose -4*l + 3*l + 2 = 0. Let h be (-3)/(l*-1 - -3). Calculate m(h).
0
Let i(c) = 29*c + 12. Let w be i(8). Let u be (-2)/(-9) + w/36. Let a(r) = r**3 - u*r**2 - 34*r + 3 - 1 + 34*r. Calculate a(7).
2
Let c be 5 - (-8 + 0 - 328). Let z = 333 - c. Let n(i) = i**2 + 7*i - 13. What is n(z)?
-5
Let t = 31352 + -31329. Let z(d) = d**2 - 18*d + 9. Give z(t).
124
Let b(s) = 4*s**3 - 7*s**2 + 9*s - 17. Let a(f) = -15*f**3 + 27*f**2 - 34*f + 68. Let l(z) = 3*a(z) + 11*b(z). Calculate l(4).
5
Let d(p) = 6*p**3 - 12*p**2 - 5*p - 1. Let v be (-19)/(-4) - (-22)/88. Let z(s) = s**3 - s**2 - 2*s. Let u(x) = v*z(x) - d(x). Let h = 8 - 2. Calculate u(h).
7
Let y(l) be the third derivative of -7/24*l**4 + 0*l + 0 + 5/3*l**3 - 3*l**2 + 1/60*l**5. Let k be y(6). Let h(q) = -q**2 + 7*q + 3. What is h(k)?
15
Let m(b) = 2*b**2 + 17*b + 2. Let x be (9/7)/((-94)/658) - -1. Give m(x).
-6
Let q = 134 - 128. Let h(m) = q - 59*m - 43*m + 101*m. Give h(10).
-4
Suppose 2*k + 1 + 3 = 0, -4*l + 5*k + 138 = 0. Let m = l - 38. Let s be 3/(-2) - 3/m. Let j(d) = -d**2 + 1. Give j(s).
0
Suppose -5 + 17 = -3*d + k, 2*k + 18 = 0. Let h(x) = x**2 - 5*x - 5. What is h(d)?
79
Suppose 9*f - 47 = 79. Suppose -4*j - 2 = -f. Let a(t) = 0 - 5 - j*t + 2 + 0*t. Determine a(3).
-12
Suppose 5*g + 7 = 22. Suppose b = -0*b + g. Let o(d) = -249*d**2 - 39*d - 18. Let y(v) = 69*v**2 + 11*v + 5. Let s(r) = 5*o(r) + 18*y(r). Calculate s(b).
-18
Suppose 3*k - 4*x = -8*x + 31, -35 = -3*k - 2*x. Let h(l) = 3*l - 36. Let o be h(k). Let t(z) = -11*z - 6*z + 16*z. Give t(o).
-3
Let u = 81 + -79. Let i(j) = 3 + 3*j**3 - u - 2275*j + 2 + 2271*j. Let h be i(1). Let m(r) = -r**3 + r**2 - 2*r + 1. Determine m(h).
-7
Let v(j) = 27*j**2 - 117*j + 32. Let o(w) = 50*w**2 - 236*w + 61. Let l(f) = -6*o(f) + 11*v(f). Give l(43).
-14
Let w = -1434 + 1454. Let o(j) = -j**2 + 18*j + 21. What is o(w)?
-19
Suppose c + 3 = -0*c - t, -2*c = -4*t - 24. Let k(h) = -2*h**2 - 352 + c*h**3 + 2*h**3 + 2*h**3 + 708 - 355. Calculate k(-1).
-7
Let u(a) = -a**2 + 5*a + 3. Let m be u(4). Let l = -596 - -604. Let p(c) = l + 2 + 0 + 50*c - 51*c. What is p(m)?
3
Suppose 0 = 4*b + 60 - 100. Let v be 3 - (3*-28)/4. Suppose b*r - 74 = -v. Let t(m) = m + 5. Determine t(r).
10
Let n(r) = -6*r - 5. Suppose h + 2*m = -4*h - 888, -5*h = m + 884. Let s = h + 171. Determine n(s).
25
Let s(h) = 11*h - 4. Let z = -382 + 119. Let j = -267 - z. Give s(j).
-48
Let k(q) be the first derivative of -q**4/4 + q**3/3 - 2*q + 5. Suppose 38*m = 97*m - 118. Calculate k(m).
-6
Let j be ((-8)/24)/(2/(-18)). Let i(b) = 2 + 3*b**2 + 5*b**3 + 0 - 2*b - 6*b**j + 0*b**3. Let l be ((-6)/(-8))/((-10)/(-40)). What is i(l)?
-4
Let c(g) be the second derivative of -g**5/20 + 2*g**4/3 + g**3 + 21*g**2/2 + 2*g + 4090. What is c(9)?
-6
Let z(n) = -n**3 + 10*n**2 - 8*n - 3. Suppose -5*y + 7 = 3*w - 31, 5*y - 54 = w. Let r(g) = -4*g**2 + 42*g - 11. Let t be r(y). What is z(t)?
6
Suppose y + 5*x + 170 - 136 = 0, 0 = -4*y + 5*x + 39. Let l(r) = -r**2 - 4*r + 3. Let j(v) = -v**2 - v + 1. Let i(f) = 3*j(f) - l(f). What is i(y)?
-1
Let f(g) = 374*g - 763. Let c be f(2). Let d(h) = -2*h**2 - 28*h + 24. Give d(c).
-6
Let z = 31 - 21. Suppose 0 = g - z*g + 36. Let m(u) = -u**3 - 3 - g*u + 2 + 5*u - u**2. Determine m(-2).
1
Let n(w) = 0 + 1 + 2*w + 22*w + 8*w - 440*w**2 + 444*w**2. Let m(x) = 3*x**2 + 30*x. Let z(v) = -6*m(v) + 5*n(v). Determine z(10).
5
Let d(q) = -3*q - 4. Let i(a) = -2 + 1 + 2. Let w(j) = d(j) + 4*i(j). Let o be 2 + (1 + -10 - -4). Give w(o).
9
Suppose 20 - 26 = 2*h. Let n = 57 + -50. Let m(z) = z - n + 3 + 2*z - 6*z. What is m(h)?
5
Let q(x) be the second derivative of -x**5/20 - x**4/6 - x**3/2 + x**2/2 + 4*x + 409. Determine q(-2).
7
Let v(u) = -u**2 + 7*u + 7. Let b = 21 - 6. Let c = b + -21. Let i be (-28)/c*9/6. What is v(i)?
7
Let f(u) = -u**2 - 142*u + 888. Let x be f(6). Let i(c) be the third derivative of 0*c + x - 7/24*c**4 - 5/6*c**3 + 26*c**2 - 1/60*c**5. What is i(-6)?
1
Let j(v) = v**3 + 3*v**2 + v + 2. Suppose -2*p = -7 - 159. Let q = p - 86. Give j(q).
-1
Let k(j) = -82*j - 239. Let v(b) = 25*b - 1028. Let d be v(41). What is k(d)?
7
Suppose 160*h - 28 = 2*v + 164*h, 86 = -3*v + 5*h. Let o(q) = 6*q + 139. What is o(v)?
7
Let k(g) = -5*g**3 + 10*g**2 + 152*g + 7. Let p(o) = -9*o**3 + 20*o**2 + 277*o + 13. Let i(j) = -11*k(j) + 6*p(j). Calculate i(-11).
-10
Let